*f. Determine k(f).
3
Let n(j) = j**3 - 4*j**2 - 3*j + 9. Suppose -84 + 36 = -8*c. Determine n(c).
63
Let b be 8/44 - 6/33. Let h(g) = -6 + 10*g - 13*g + 3 + b. Let l be -4*1/(-1)*-1. Give h(l).
9
Suppose 26 = -107*k + 94*k. Let s(a) = 3*a**3 + 4*a**2 + a + 2. Determine s(k).
-8
Let i(p) be the third derivative of -p**8/2016 - p**7/2520 - p**6/720 + p**5/10 + 15*p**2. Let r(u) be the third derivative of i(u). Give r(-1).
-9
Suppose 31*n + 17 = 172. Let u(l) = l**2 - 8*l - 7. Let g be u(9). Let j(z) = 7 - g*z + 4*z - 3*z. What is j(n)?
2
Let b(m) = 6*m + 25. Let i(q) = 2*q + 2. Let x(k) = b(k) - 5*i(k). Determine x(14).
-41
Let y(s) = -s**2 - 9*s. Suppose 5*a - 77 = 16*a. Give y(a).
14
Let t(n) be the third derivative of -n**6/120 - n**5/12 + n**4/12 - 7*n**3/6 + 17*n**2. Let h(d) = -5*d + 25. Let w be h(6). Give t(w).
-17
Suppose 2*h = -0*r - 3*r + 10, -2 = -r. Suppose 3 = 2*v - v, 9 = h*y + 5*v. Let d(o) be the third derivative of o**4/24 - o**3/2 - 9*o**2. Give d(y).
-6
Let r(i) = -7*i**3 + 3*i**2 - i + 2. Let o(v) = 6*v**3 - 3*v**2 + v - 1. Let a(m) = 6*o(m) + 5*r(m). Give a(3).
7
Let u(z) = z**2 - 17*z + 5. Let d be u(17). Let v(l) = -l**3 + 5*l**2 + l. Calculate v(d).
5
Let q(r) = 7*r - 116. Let s be q(17). Let g(h) be the third derivative of 1/8*h**4 + 0 + s*h**2 + 1/2*h**3 + 0*h. Give g(-3).
-6
Let f(g) = -g**3 - 14*g**2 + 13*g - 11. Suppose 4*v = -5*o - 70, v + 12*o + 21 = 9*o. What is f(v)?
19
Let s = 21 + -19. Let u(l) = -5*l**2 - l**2 - l - 1 + 4*l**s + l**2. What is u(0)?
-1
Let b(p) = 2*p - 1. Suppose 0 = 30*s - 51*s - 168. Suppose 4*a - 36 = -0*a. Let m = s + a. Determine b(m).
1
Let h(l) = l. Let g(d) = -10*d + 49. Let i be g(5). Determine h(i).
-1
Let r(v) be the second derivative of -v**3/2 + 4*v**2 + 2*v - 221. What is r(6)?
-10
Let g(d) = d**3 - 9*d**2 - 82*d + 725. Let t be g(8). Let r(c) = -c**2 + 7 - c**2 + c**3 - 7*c - 2*c**2. Give r(t).
-3
Let z(b) = 4*b**2 + 11*b + 4. Let g(h) = -3*h**2 - 7*h - 3. Let c(f) = -7*g(f) - 5*z(f). Suppose -8*q - 6 = -46. Determine c(q).
-4
Suppose -9*d + 4*d = 0. Let f(k) be the second derivative of k**5/20 - k**3/6 + 5*k**2/2 - 11*k + 1. Calculate f(d).
5
Let p(z) be the third derivative of -z**4/24 + 2*z**3/3 + 2*z**2. Let t(f) = 5*f + 1 + f - 5*f + 0*f. Let c(o) = -p(o) - 2*t(o). Calculate c(-5).
-1
Let k be 1 - (-30)/(-34) - 76/68. Let y(p) = -7*p. Let w = 4 + -7. Let c(t) = 13*t. Let o(g) = w*c(g) - 5*y(g). Calculate o(k).
4
Suppose 2*u - 3*u = 4. Let z(i) = -2*i. Let w(a) = -3*a + 1. Let x(h) = 5*w(h) - 8*z(h). What is x(u)?
1
Suppose 503*p - 5 = 502*p. Let a(r) be the third derivative of -1/2*r**3 + p*r**2 + 0*r + 1/24*r**4 + 0. Determine a(6).
3
Let x(z) = 4*z + 1. Let j(m) = -3*m**3 + 2*m**2 - m. Let c be j(1). Let o be c - -2 - (-10 - 3). Let l = o + -15. Calculate x(l).
-7
Let y = -119 - -119. Let s(m) = m**3 + 3*m**3 - 4*m**3 + m**3 + 15. Give s(y).
15
Let p(t) = 2*t - 5. Let a(b) = b - 2. Let c(n) = -5*a(n) + p(n). Let q(d) be the second derivative of d**3/6 - d**2 + d. Let i be q(6). Determine c(i).
-7
Suppose 0 = -9*i + 11*i - 50. Suppose -6*u + u + 25 = -f, -5*u - 4*f = -i. Suppose -3 = u*j - 18. Let z(p) = 3*p + 1. Calculate z(j).
10
Let c(x) = 27*x - 28*x - 6 + 3. Calculate c(6).
-9
Suppose -20 + 58 = -5*r - j, 0 = 4*r + 5*j + 43. Let q(a) = -a**3 - 6*a**2 + 7*a. What is q(r)?
0
Let r(u) = -u**3 + 7*u**2 + 6*u - 3. Let b be ((-70)/(-45))/7 - (-25)/9. Suppose -b*t + 24 = -f, -2*t + f - 6*f = -16. Calculate r(t).
-19
Let c(l) be the third derivative of -11*l**5/120 - l**4/24 - 11*l**3/6 + 6*l**2. Let i(w) be the first derivative of c(w). Determine i(-1).
10
Let j(o) be the third derivative of -o**4/24 + o**3/6 + 3*o**2. Suppose 2*l + l - 15 = 0. Suppose -2*q = -3*q - 5*y - 14, 0 = -2*q + l*y + 2. What is j(q)?
5
Let v(k) = 25*k + 50. Let u(f) = 9*f + 17. Let w(y) = -8*u(y) + 3*v(y). What is w(-7)?
-7
Let g(f) = -f**3 - 9*f**2 - 15*f - 6. Suppose 4*s = -9*r + 4*r - 15, -45 = 5*r - 2*s. Give g(r).
1
Let k(d) = -4*d**3 + 17*d**2 + 11*d - 14. Let r(c) = 5*c**3 - 18*c**2 - 11*c + 15. Let v(n) = -6*k(n) - 5*r(n). Calculate v(-11).
9
Let t(j) be the third derivative of j**5/60 - 11*j**4/24 + 2*j**3 + 70*j**2. Calculate t(9).
-6
Let s(a) = -a**2 + 7*a + 1. Let t be s(5). Let h(d) = 6 + 9 - t - 2*d + d. Give h(3).
1
Let b(t) = -t**2 - 8*t - 6. Let a be ((-6)/(-21))/(4/(-28)). Let r be (a/3)/(3 + (-258)/90). What is b(r)?
9
Let l(i) be the first derivative of -8*i**3/3 - i**2/2 + i + 42. Determine l(1).
-8
Let p(r) = 0 - 2 - 9*r - 2*r**2 + 3*r + 7 + r**2. What is p(-8)?
-11
Let x = -2086 - -2081. Let r(b) = -5*b - 34. What is r(x)?
-9
Suppose -84 = 2*d - 14*d. Let r(o) = -o**3 - o**2 - 13*o + 3. Let x(i) = i**3 + 2*i**2 + 12*i - 4. Let b(v) = d*x(v) + 6*r(v). Calculate b(-7).
-3
Let r(y) = 4*y - 9. Let t be (42/(-15))/((-5)/50). Let m = t + -22. Give r(m).
15
Let s(h) = 283*h - 565*h + 283*h - 3. Give s(5).
2
Let t(x) be the third derivative of -x**5/15 + x**4/24 - x**3/6 - 2*x**2. Suppose 9*j - 31 = -22. Determine t(j).
-4
Let n be (-2)/(-9) - (-33)/(-27). Let t be (-2 - 1/1)*n. Suppose 4*b - 3 = -3*d - 0*b, d = -t*b + 1. Let x(r) = 3*r + 1. What is x(d)?
4
Suppose 1 = 2*x - 3. Suppose x*o - 6*o + 8 = 0. Let b(h) = h**3 - 2*h**2 - 2. Calculate b(o).
-2
Let s be 4*(56/(-16))/7. Let g(x) = 2*x + 2. Calculate g(s).
-2
Let k(r) = 3*r**3 + 24*r**2 - 4*r - 30. Let q be k(-8). Let x(m) = -6*m + 5. What is x(q)?
-7
Let u(a) = a**3 - 15*a**2 - 15*a - 15. Suppose 2*j + 5*c = 12, 39*c - 36*c = -12. Determine u(j).
1
Let m = 49 + -46. Let j(n) = 4*n + 2*n**2 + 9*n**2 - 10*n**2 - m. Calculate j(-7).
18
Let y(h) = -7*h**3 + 8*h - 14. Suppose -2*z - 2*z - 24 = 0. Let l(w) = 15*w**3 + w**2 - 17*w + 29. Let x(i) = z*l(i) - 13*y(i). Determine x(6).
-4
Let p(h) = 2*h + 35. Suppose 28*j - 4*j = -432. What is p(j)?
-1
Let s(h) = 33*h**2 + 18*h - 3. Let q(i) = 39*i**2 + 19*i - 3. Let r(y) = 6*q(y) - 7*s(y). What is r(4)?
3
Suppose 3*j - 38 = 70. Let x = j - 36. Let i(w) = -w. What is i(x)?
0
Let l(p) = 7*p + 5. Let x(h) = 3*h**2 - h - 180. Let u be x(8). Determine l(u).
33
Let r(s) = -7*s**2 - s + 27. Let z(c) = -13*c**2 - 2*c + 52. Let n(q) = 11*r(q) - 6*z(q). Calculate n(0).
-15
Let f(a) = 2*a**2 - 4*a. Let i = 9 - 5. Suppose -4*m + 32 = -i*b, -b = -2*m - 0*b + 11. Give f(m).
6
Suppose 6 = 3*i - 0*i. Let c be 7/((-7)/i) + 2 + -5. Let x(r) be the third derivative of -r**4/12 - r**3/6 + 3*r**2. Give x(c).
9
Let m(w) = w**2 - 7*w + 2. Let t(d) = -2*d. Let s be t(-4). Suppose 4*c = -0*o + 3*o + s, -2*c + 22 = 3*o. Suppose 3*q = 2*q + c. Calculate m(q).
-8
Suppose -4*x = -3*x + 4*z + 28, -3*z = -3*x - 129. Let d be (-2)/(-5) + (-104)/x. Let f(v) = -2*v - v - 2 + v**d - 1. What is f(-2)?
-5
Let v(t) be the first derivative of t**4/4 - 6*t**3 - 19*t**2/2 + 7*t + 672. Calculate v(19).
7
Let q = -7 + 12. Let b(o) = 0*o**2 + 15823 - 5*o**2 + 2*o - 15825 + o**3. What is b(q)?
8
Let t(y) = -5*y - 9*y - y - 5 + y + 4*y. What is t(-5)?
45
Let q(d) = -2*d + 130. Let g(p) = -p + 70. Let z(w) = 11*g(w) - 6*q(w). Give z(4).
-6
Let m(q) = -481*q - 6728. Let i be m(-14). Let r(s) = -3 + 4*s - 6*s + 1. What is r(i)?
-14
Let q(d) = -d**2 + 3*d + 4. Suppose 3*a + 82 - 571 = 0. Let u = a - 93. Let y be (-20)/u - (-23)/7. Calculate q(y).
4
Let b(a) = a**2 - 7*a + 5. Let n(d) be the third derivative of d**5/60 + d**4/6 - 4*d**3/3 + 4*d**2. Let j be n(-7). Let o = -8 + j. What is b(o)?
-5
Suppose 5*t - 20 = 4*o - o, -3*o = 5*t - 50. Let m = t + -2. Let n(d) = -d**2 + 3*d + 7. Let x(i) = -2*i**2 + 6*i + 14. Let q(s) = 7*n(s) - 4*x(s). Give q(m).
3
Suppose 0 = 2*u - 4*q - 20, 37 = 7*u - 3*u - 5*q. Suppose 0*v + u = 4*v - 4*j, j + 5 = 2*v. Let f(s) = -s**3 + 5*s**2 - s - 2. Calculate f(v).
13
Suppose 2*m + 0*m + 2*x = -12, -3*m + 2*x = 3. Let r be (-14)/8*(-6)/6*4. Let a = m + r. Let w(y) = -2*y + 5. Give w(a).
-3
Suppose -g - 6 = 2*g. Let v be (0 + 2)/2 + g. Let x(p) = p - 5. Let k(j) = -2. Let b(a) = -7*k(a) + 3*x(a). Determine b(v).
-4
Let d(x) = 0*x + 5899 - 5896 + 3*x. Determine d(-2).
-3
Let l(g) = g**3 - 4*g**2 + 2*g + 2. Suppose 39 = 16*r + 7. Suppose 0 = r*m + 3*j - 8 + 10, 4*m = 2*j + 12. What is l(m)?
-2
Let x(d) = d - 2. Let y(q) = q. Let m(w) = 4*x(w) - 10*y(w). What is m(-2)?
4
Let c be (-16)/88 - 732/(-33). Let p